{"id":6,"date":"2015-09-10T09:36:47","date_gmt":"2015-09-10T09:36:47","guid":{"rendered":"http:\/\/ihjj.hr\/metafore\/?page_id=6"},"modified":"2016-01-06T11:01:55","modified_gmt":"2016-01-06T11:01:55","slug":"teorijska-podloga-ciljevi-i-metode-istrazivanja","status":"publish","type":"page","link":"https:\/\/ihjj.hr\/metafore\/teorijska-podloga-ciljevi-i-metode-istrazivanja\/","title":{"rendered":"Teorijska podloga, ciljevi i metode istra\u017eivanja"},"content":{"rendered":"<div class=\"section-header\">\n<h6 class=\"white-text\"><\/h6>\n<h6 class=\"white-text\"><\/h6>\n<h6 class=\"white-text\"><strong>PITANJA<\/strong><\/h6>\n<h6 class=\"white-text\">na koja \u017eelimo (poku\u0161ati) dati odgovore<\/h6>\n<\/div>\n<div class=\"row\">\n<div class=\"col-lg-4 col-md-4 column zerif-rtl-big-title\">\n<div class=\"big-intro\" data-scrollreveal=\"enter left after 0s over 1s\" data-sr-init=\"true\" data-sr-complete=\"true\"><strong>OD NEURONA DO JEZIKA. KAKO?<\/strong><\/div>\n<\/div>\n<div class=\"col-lg-4 col-md-4 column zerif_about_us_center\" data-scrollreveal=\"enter bottom after 0s over 1s\" data-sr-init=\"true\" data-sr-complete=\"true\">\n<p>Kako ljudi u\u010de, razumiju i upotrebljavaju jezik? Kako pojmovni i jezi\u010dni repozitoriji mogu pomo\u0107i u ostvarivanju ciljeva umjetne inteligencije i ra\u010dunalne kreativnosti? Na kojim su iskustvima metafori\u010dki sustavi hrvatskoga jezika utemeljeni? Koje metafori\u010dke sustave dijelimo s drugim jezicima, a koje su osobitosti hrvatskoga figurativnoga jezika i mi\u0161ljenja? Kako se slo\u017eeni metafori\u010dki sustavi mogu razlo\u017eiti na jednostavnije metafore, primarne metafore, semanti\u010dke okvire, predod\u017ebene sheme i kognitivne primitive?<\/p>\n<\/div>\n<div class=\"col-lg-4 col-md-4 column zerif-rtl-skills \">\n<ul class=\"skills\" data-scrollreveal=\"enter right after 0s over 1s\" data-sr-init=\"true\" data-sr-complete=\"true\">\n<li class=\"skill\">\n<h6>SEMANTI\u010cKI OKVIRI<\/h6>\n<\/li>\n<li class=\"skill\">\n<h6>KOGNITIVNI PRIMITIVI<\/h6>\n<\/li>\n<li class=\"skill\">\n<h6>METAFORE<\/h6>\n<\/li>\n<li class=\"skill\">\n<h6>METONIMIJE<\/h6>\n<\/li>\n<\/ul>\n<\/div>\n<\/div>\n<p><strong>Teorijska podloga projekta i recentno stanje u istra\u017eiva\u010dkom podru\u010dju<\/strong><\/p>\n<p>Metafora je stalan objekt znanstvenoga zanimanja od Aristotela do danas te su se tijekom te duge povijesti izmjenjivali mnogi razli\u010diti teorijski pristupi, poput <em>supstitutivnoga<\/em> i <em>komparativnoga<\/em> pristupa, <em>teorije interakcije<\/em> te najrecentnijih pristupa: <em>semanti\u010dkoga<\/em> i <em>kognitivnoga<\/em>. Kognitivni se pristup najsna\u017enije odvaja od tradicionalnih teorija jer metafori ne pristupa kao sredstvu poetske imaginacije, ornamentu ili ukrasu u jeziku, niti kao anomaliji, nego kao temelju ljudskoga mi\u0161ljenja. Prema tom pristupu, koji je podloga predlo\u017eenoga projekta, konceptualni je sustav, koji odre\u0111uje na\u0161e mi\u0161ljenje i djelovanje, metafori\u010dke prirode, kao su utvrdili Lakoff i Johnson, osniva\u010di <em>teorije konceptualne metafore<\/em>, u svojoj referentnoj knjizi <em>Metaphors We Live By<\/em> (1980). U kognitivnolingvisti\u010dkom pristupu bit je konceptualne metafore razumijevanje i do\u017eivljavanje jednoga koncepta s pomo\u0107u drugoga. Teorija konceptualne metafore postala je iznimno utjecajna me\u0111u filolozima, filozofima, kognitivnim i neuralnim znanstvenicima, psiholozima, antropolozima itd. i do danas nije do\u017eivjela radikalne izmjene, pa ni u svojoj najsuvremenijoj ina\u010dici: <em>neuralnoj teoriji metafore<\/em>.<\/p>\n<p>Teorijska je podloga ovoga projekta neuralna teorija jezika i mi\u0161ljenja te neuralna teorija metafore. Unutar neuralne teorije jezika mi\u0161ljenje i jezik definiraju se: kao <em>neuralni sustavi<\/em> koji su zasnovani na neuralnom procesiranju, a ne na manipulaciji formalnim simbolima; kao <em>utjelovljeni sustavi<\/em> koji odslikavaju strukturu ljudskoga tijela i vanjskoga fizi\u010dkoga i dru\u0161tvenoga okru\u017eja; te kao <em>evolucionisti\u010dki<\/em> <em>sustavi<\/em> (velik dio neuralnih mehanizama koji se rabe u jezi\u010dnim i kognitivnim funkcijama nisu specifi\u010dni samo za ljude). U okviru projekta neuralne teorije jezika osmi\u0161ljen je sustav formaliziranoga ozna\u010davanja metafora, metonimija, okvira, predod\u017ebenih shema te gramati\u010dkih i leksi\u010dkih konstrukcija, koji je u skladu sa svim saznanjima neuralne torije jezika i mi\u0161ljenja te je ujedno dostatno precizan da udovolji zahtjevima eksplicitnoga ra\u010dunalnoga modeliranja. Tehni\u010dki naziv toga sustava ozna\u010divanja je <em>utjelovljena konstrukcijska gramatika<\/em> (<em>embodied construction grammar \u2013 ECG<\/em>). Konstrukcija je pritom veza izme\u0111u oblika i zna\u010denja, a zna\u010denjski dio konstrukcije izravno je ili metafori\u010dki vezan za iskustvo te se razla\u017ee na utjelovljene predod\u017ebene sheme. ECG slu\u017ei kao tehni\u010dki alat za lingvisti\u010dku analizu, kako bi specificirao zajedni\u010dku gramatiku i konceptualne konvencije jezi\u010dne zajednice, kao ra\u010dunalna specifikacija za implementaciju lingvisti\u010dkih teorija, kao reprezentacija modela i teorija jezi\u010dnoga usvajanja, kao <em>front-end<\/em> sustav za primijenjene zada\u0107e razumijevanja jezika te kao funkcionalni opis visoke razine za biolo\u0161ke i behavioralne eksperimente.<\/p>\n<p>Najrecentnije stanje u tom istra\u017eiva\u010dkom podru\u010dju uklju\u010duje teorijska istra\u017eivanja i njihovu primjenu u okviru vi\u0161ejezi\u010dnoga interdisciplinarnoga projekta <em>MetaNet: A Multilingual Metaphor Repository<\/em>, koji provodi <em>International Computer Science Institute<\/em> na Sveu\u010dili\u0161tu Berkeley (SAD), a vodi prof. dr. Srini Narayanan, voditelj grupe za umjetnu inteligenciju na tom Institutu. Voditelj tima za lingvisti\u010dku analizu metafora je George Lakoff (lingvist, kognitivni znanstvenik, osniva\u010d teorije konceptualne metafore i suosniva\u010d projekta Neuralna teorija jezika i mi\u0161ljenja na istom institutu). Dr. sc. Kristina \u0160trkalj Despot na tom je projektu \u010dlan tima za lingvisti\u010dku analizu metafora.<\/p>\n<p>Rezultati obaju projekta velik su korak ka ostvarenju zahtjevne zada\u0107e izgradnje ra\u010dunalnoga sustava koji \u0107e mo\u0107i razumjeti metafore i figurativni jezik, ili, drugim rije\u010dima, ka razvoju umjetne inteligencije \u2013 sustava koji podupire humanocentri\u010dno rezoniranje i obradu podataka. Mogu\u0107i put ka ostvarenju ciljeva umjetne inteligencije jest simulacija ljudskoga razumijevanja, koja mora uzeti u obzir neuralnu teoriju jezika.<\/p>\n<p><strong>\u00a0<\/strong><\/p>\n<p><strong>Znanstveni ciljevi projekta i metode istra\u017eivanja<\/strong><\/p>\n<p>U okviru projekta <em>Repozitorij metafora hrvatskoga jezika (Croatian Metaphor Repository)<\/em> provode se teorijska istra\u017eivanja konceptualne metafore i metonimije u hrvatskom jeziku u sinkronijskoj i dijakronijskoj perspektivi te se rezultati tih istra\u017eivanja prakti\u010dno primjenjuju i prikazuju u obliku baze konceptualnih i jezi\u010dnih metafora, metonimija te <em>predod\u017ebenih shema<\/em>, <em>kogova<\/em> (kognitivnih primitiva) i <em>semanti\u010dkih<\/em> <em>okvira<\/em> hrvatskoga jezika.<\/p>\n<p>Baza je javno mre\u017eno dostupna na po\u010detnoj projektnoj stranici:\u00a0http:\/\/ihjj.hr\/metafore\/<\/p>\n<p>Baza uklju\u010duje ove razine:<\/p>\n<p>\u2013 \u00a0\u00a0popis konceptualnih metafora<\/p>\n<p>\u2013 \u00a0\u00a0popis predod\u017ebenih shema, kognitivnih primitiva i okvira<\/p>\n<ul>\n<li>hijerahiju metafora<\/li>\n<li>hijerarhiju okvira (ontologiju)<\/li>\n<\/ul>\n<p>Metafore su podijeljene i pretra\u017eive po tipu te po tematskim ili konceptualnim skupinama.<\/p>\n<p>Po tipu su metafore razdijeljene u:<\/p>\n<p>\u2013 primarne metafore<\/p>\n<p>\u2013 slo\u017eene metafore<\/p>\n<p>\u2013 izvedene metafore<\/p>\n<p>Prema tematskim ili konceptualnim skupinama metafore su podijeljene na: metafore strukture zbivanja, metafore uma, metafore moralnosti, skalarne metafore, metafore vremena, metafore emocija, metafore ekonomije, metafore vladanja, kaskadne metafore, metafore dobrobiti itd.<\/p>\n<p>Kognitivnolingvisti\u010dka analiza metafora provodi se u skladu s postavkama neuralne teorije jezika i mi\u0161ljenja te neuralne teorije metafore. Metafore, metonimije, okviri, predod\u017ebene sheme te gramati\u010dke i leksi\u010dke konstrukcije formalizirano se ozna\u010davaju sustavom ozna\u010divanja <em>utjelovljene konstrukcijske gramatike. <\/em>Za svaku se konceptualnu metaforu odre\u0111uje: tip, hijerarhija, razina, izvorni okvir, ciljni okvir, preslikavanja, odnosi, tipovi odnosa, izvedene metafore, primjeri jezi\u010dnih metafora i leksi\u010dkih jedinica koji odslikavaju konceptualnu metaforu. Hijerarhijski odnosi me\u0111u metaforama automatski se grafi\u010dki prikazuju.<\/p>\n<p>Za svaki se okvir odre\u0111uje tip, hijerarhija, uloge, odnosi s drugim okvirima, veze, inferencije, leksi\u010dke jedinice i leksi\u010dke jedinice iz povezanih okvira. Odnosi me\u0111u okvirima automatski se grafi\u010dki prikazuju. Baza je pretra\u017eiva po svim navedenim zna\u010dajkama.<\/p>\n<p>Izgradnja hrvatskoga repozitorija metafora i figurativnoga jezika i teorijska istra\u017eivanja koja \u0107e tu izgradnju pratiti unaprijedit \u0107e kognitivna i ra\u010dunalna istra\u017eivanja te istra\u017eivanja umjetne inteligencije u Hrvatskoj.<\/p>\n<p>Ve\u0107 uspostavljenom suradnjom s projektom <em>MetaNet: A Multilingual Metaphor Repository<\/em> te mogu\u0107no\u0161\u0107u pro\u0161irenja projekta uklju\u010denjem europskih partnera otvara prostor dugoro\u010dnim me\u0111unarodnim istra\u017eivanjima jezika, u\u010denja i neuralnoga modeliranja \u010diji je cilj razumjeti kako ljudi u\u010de te kako razumijevaju i upotrebljavaju jezik.<\/p>\n<p><strong>Va\u017enost istra\u017eivanja u \u0161irem znanstvenom kontekstu i mogu\u0107e \u0161irenje istra\u017eivanja<\/strong><\/p>\n<p>Izgradnja baze metafora u hrvatskome jeziku vodi prema multidsiciplinarnom projektu izgradnje vi\u0161ejezi\u010dnoga repozitorija metafora, metonimija i predod\u017ebenih shema, \u010diji je cilj <strong>izgradnja ra\u010dunalnoga sustava koji je sposoban razumjeti metafore i figurativni jezik<\/strong>. Takav bi vi\u0161ejezi\u010dni projekt bio interdisciplinaran te bi ujedinio kognitivnu i neuralnu znanost, lingvistiku, ra\u010dunalne znanosti i psihologiju s ciljem unaprje\u0111enja istra\u017eivanja umjetne inteligencije.<\/p>\n<p>Projekt\u00a0je\u00a0metodolo\u0161ki koherentan s projektom <em>MetaNet: A Multilingual Metaphor Repository<\/em>, koji provodi <em>International Computer Science Institute<\/em> na Sveu\u010dili\u0161tu Berkeley (SAD), poveznica: \u00a0<em>https:\/\/www.icsi.berkeley.edu\/icsi\/gazette\/2012\/05\/metanet-project.<\/em><\/p>\n","protected":false},"excerpt":{"rendered":"<p>PITANJA na koja \u017eelimo (poku\u0161ati) dati odgovore OD NEURONA DO JEZIKA. KAKO? Kako ljudi u\u010de, razumiju i upotrebljavaju jezik? Kako pojmovni i jezi\u010dni repozitoriji mogu pomo\u0107i u ostvarivanju ciljeva umjetne inteligencije i ra\u010dunalne kreativnosti? Na kojim su iskustvima metafori\u010dki sustavi hrvatskoga jezika utemeljeni? Koje metafori\u010dke sustave dijelimo s drugim jezicima, a koje su osobitosti hrvatskoga<a href=\"https:\/\/ihjj.hr\/metafore\/teorijska-podloga-ciljevi-i-metode-istrazivanja\/\">[&#8230;]<\/a><\/p>\n","protected":false},"author":1,"featured_media":0,"parent":0,"menu_order":0,"comment_status":"closed","ping_status":"closed","template":"","meta":{"footnotes":""},"class_list":["post-6","page","type-page","status-publish","hentry"],"translation":{"provider":"WPGlobus","version":"3.0.0","language":"hr","enabled_languages":["hr","en"],"languages":{"hr":{"title":true,"content":true,"excerpt":false},"en":{"title":true,"content":true,"excerpt":false}}},"_links":{"self":[{"href":"https:\/\/ihjj.hr\/metafore\/wp-json\/wp\/v2\/pages\/6","targetHints":{"allow":["GET"]}}],"collection":[{"href":"https:\/\/ihjj.hr\/metafore\/wp-json\/wp\/v2\/pages"}],"about":[{"href":"https:\/\/ihjj.hr\/metafore\/wp-json\/wp\/v2\/types\/page"}],"author":[{"embeddable":true,"href":"https:\/\/ihjj.hr\/metafore\/wp-json\/wp\/v2\/users\/1"}],"replies":[{"embeddable":true,"href":"https:\/\/ihjj.hr\/metafore\/wp-json\/wp\/v2\/comments?post=6"}],"version-history":[{"count":11,"href":"https:\/\/ihjj.hr\/metafore\/wp-json\/wp\/v2\/pages\/6\/revisions"}],"predecessor-version":[{"id":354,"href":"https:\/\/ihjj.hr\/metafore\/wp-json\/wp\/v2\/pages\/6\/revisions\/354"}],"wp:attachment":[{"href":"https:\/\/ihjj.hr\/metafore\/wp-json\/wp\/v2\/media?parent=6"}],"curies":[{"name":"wp","href":"https:\/\/api.w.org\/{rel}","templated":true}]}}