{"id":153,"date":"2015-09-14T17:58:55","date_gmt":"2015-09-14T17:58:55","guid":{"rendered":"http:\/\/ihjj.hr\/metafore\/?page_id=153"},"modified":"2017-05-30T22:29:06","modified_gmt":"2017-05-30T22:29:06","slug":"mario-brdar","status":"publish","type":"page","link":"https:\/\/ihjj.hr\/metafore\/mario-brdar\/","title":{"rendered":"Mario Brdar"},"content":{"rendered":"<p><a href=\"http:\/\/ihjj.hr\/metafore\/wp-content\/uploads\/2015\/09\/brdar.jpg\"><img loading=\"lazy\" decoding=\"async\" class=\"alignnone size-medium wp-image-82\" src=\"http:\/\/ihjj.hr\/metafore\/wp-content\/uploads\/2015\/09\/brdar-300x200.jpg\" alt=\"brdar\" width=\"300\" height=\"200\" \/><\/a><\/p>\n<table border=\"1\" width=\"85%\" cellspacing=\"0\" cellpadding=\"0\">\n<tbody>\n<tr>\n<td>\n<table>\n<tbody>\n<tr>\n<td><strong>Ime i prezime<\/strong><\/td>\n<td><\/td>\n<\/tr>\n<\/tbody>\n<\/table>\n<\/td>\n<td colspan=\"3\"><strong>dr. sc. MARIO BRDAR, redoviti profesor u trajnom zvanju<\/strong><\/td>\n<\/tr>\n<tr>\n<td>\n<table>\n<tbody>\n<tr>\n<td><strong>Adresa e-po\u0161te<\/strong><\/td>\n<td><\/td>\n<\/tr>\n<\/tbody>\n<\/table>\n<\/td>\n<td colspan=\"3\"><a href=\"mailto:mbrdar@ffos.hr\">mbrdar@ffos.hr<\/a><\/td>\n<\/tr>\n<tr>\n<td>\n<table>\n<tbody>\n<tr>\n<td><strong>Obrazovanje<\/strong><\/td>\n<td><\/td>\n<\/tr>\n<\/tbody>\n<\/table>\n<\/td>\n<td colspan=\"3\">\n<table style=\"height: 458px;\" width=\"563\">\n<tbody>\n<tr>\n<td><strong>Ustanova<\/strong><\/td>\n<td><\/td>\n<td><\/td>\n<td><strong>Zvanje<\/strong><\/td>\n<td><\/td>\n<\/tr>\n<tr>\n<td>\n<ul>\n<li>Pedago\u0161ki fakultet Sveu\u010dili\u0161ta u Osijeku<\/li>\n<\/ul>\n<\/td>\n<td><\/td>\n<td>1979.-1984.<\/td>\n<td>\n<ul>\n<li>profesor\u00a0engleskog jezika i knji\u017eevnosti i\u00a0njema\u010dkog jezika i knji\u017eevnosti<\/li>\n<\/ul>\n<\/td>\n<td><\/td>\n<\/tr>\n<tr>\n<td>\n<ul>\n<li>Filozofski fakultet Sveu\u010dili\u0161ta u Zagrebu<\/li>\n<\/ul>\n<\/td>\n<td><\/td>\n<td>1984.-1988.<\/td>\n<td>\n<ul>\n<li>magistar\u00a0lingvistike s posebnim osvrtom na engleski jezik<\/li>\n<\/ul>\n<\/td>\n<td><\/td>\n<\/tr>\n<tr>\n<td>\n<ul>\n<li>Filozofski fakultet Sveu\u010dili\u0161ta u Zagrebu<\/li>\n<\/ul>\n<\/td>\n<td><\/td>\n<td>\u00a01990.-1995.<\/td>\n<td>\n<ul>\n<li>doktor humanisti\u010dkih znanosti \u2013 polje jezikoslovlje<\/li>\n<\/ul>\n<\/td>\n<td><\/td>\n<\/tr>\n<\/tbody>\n<\/table>\n<\/td>\n<\/tr>\n<tr>\n<td>\n<table>\n<tbody>\n<tr>\n<td><strong>Usavr\u0161avanje<\/strong><\/td>\n<td><\/td>\n<\/tr>\n<\/tbody>\n<\/table>\n<\/td>\n<td colspan=\"3\">\n<div><\/div>\n<ul>\n<li>preddoktorsko istra\u017eivanje iz lingvistike, British Council, 1.10.1990. -28.02.1991., University of Lancaster<\/li>\n<\/ul>\n<\/td>\n<\/tr>\n<tr>\n<td>\n<table>\n<tbody>\n<tr>\n<td><strong>Nastavna djelatnost (kolegiji u teku\u0107oj \u00a0akademskoj godini)<\/strong><\/td>\n<td><\/td>\n<\/tr>\n<\/tbody>\n<\/table>\n<\/td>\n<td colspan=\"3\">\n<div><\/div>\n<ul>\n<li>Engleski kao svjetski jezik<\/li>\n<li>Kognitivna lingvistika<\/li>\n<li>Leksi\u010dka semantika<\/li>\n<li>Leksikografski opis engleskog jezika<\/li>\n<li>Tvorba rije\u010di u engleskom jeziku<\/li>\n<\/ul>\n<\/td>\n<\/tr>\n<tr>\n<td>\n<table>\n<tbody>\n<tr>\n<td><strong>Znanstveno-istra\u017eiva\u010dki i stru\u010dni projekti<\/strong><\/td>\n<td><\/td>\n<\/tr>\n<\/tbody>\n<\/table>\n<\/td>\n<td colspan=\"3\">\n<div><\/div>\n<ul>\n<li>1989.-1993. istra\u017eiva\u010d u znanstvenom istra\u017eiva\u010dkom projektu Kontrastivna analiza gramati\u010dkih relacija u engleskom, hrvatskom, njema\u010dkom i ma\u0111arskom pod vodstvom Dubravka Ku\u010dande<\/li>\n<li>1998.-2001. voditelj znanstvenog istra\u017eiva\u010dkog projekta Kontrastivna analiza komplementacije pridjeva u engleskom i hrvatskom jeziku (br. 122013)<\/li>\n<li>2002.-2006. voditelj znanstvenog istra\u017eiva\u010dkog projekta Metonimija izme\u0111u leksikona i gramatike (br. 0122001)<\/li>\n<li>2007.- voditelj znanstvenog projekta Kognitivno lingvisti\u010dki pristup polisemiji u hrvatskome i drugim jezicima (br. 122-1301049-0606)<\/li>\n<\/ul>\n<\/td>\n<\/tr>\n<tr>\n<td>\n<table>\n<tbody>\n<tr>\n<td><strong>Podru\u010dja znanstvenog i stru\u010dnog interes<\/strong>a<\/td>\n<td><\/td>\n<\/tr>\n<\/tbody>\n<\/table>\n<\/td>\n<td colspan=\"3\">\n<div><\/div>\n<ul>\n<li>kognitivna lingvistika (metonimija, metafora, gramati\u010dke konstrukcije)<\/li>\n<li>funkcionalna\u00a0lingvistika<\/li>\n<li>kontrastivna lingvistika<\/li>\n<li>semantika (sinonimija. kolokacije, la\u017eni prijatelji)<\/li>\n<li>sintaksa (sintakti\u010dke funkcije)<\/li>\n<li>tvorba rije\u010di (slo\u017eenice, sufiksacija, reduplikacija, kontaminacija)<\/li>\n<\/ul>\n<\/td>\n<\/tr>\n<tr>\n<td>\n<table>\n<tbody>\n<tr>\n<td><strong>\u010clanstva<\/strong><\/td>\n<td><\/td>\n<\/tr>\n<\/tbody>\n<\/table>\n<\/td>\n<td colspan=\"3\">\n<div><\/div>\n<ul>\n<li>Hrvatsko dru\u0161tvo za primijenjenu lingvistiku<\/li>\n<li>Hrvatsko dru\u0161tvo za anglisti\u010dke studije<\/li>\n<li>International Pragmatics Association<\/li>\n<li>Societas Linguisticae Europae<\/li>\n<li>International\u00a0Cognitive Linguistics Association<\/li>\n<\/ul>\n<\/td>\n<\/tr>\n<tr>\n<td>\n<table>\n<tbody>\n<tr>\n<td><strong>Nagrade i priznanja u struci<\/strong><\/td>\n<td><\/td>\n<\/tr>\n<\/tbody>\n<\/table>\n<\/td>\n<td colspan=\"3\">\n<div><\/div>\n<ul>\n<li><em>Priznanje povodom 50 godina od utemeljenja Filozofskoga fakulteta\/pedago\u0161koga fakulteta i Pedago\u0161ke akademije u Osijeku <\/em>(2011.)<\/li>\n<li><em>Nagrada Filozofskog fakulteta u Osijeku za izvrsnost u znanosti u razdoblju od 2008. do 2013.<\/em> (2014.)<\/li>\n<\/ul>\n<\/td>\n<\/tr>\n<tr>\n<td>\n<table>\n<tbody>\n<tr>\n<td><strong>Bibliografija<\/strong><\/td>\n<td><\/td>\n<\/tr>\n<\/tbody>\n<\/table>\n<\/td>\n<td colspan=\"3\">\n<div><\/div>\n<ul>\n<li><a href=\"http:\/\/bib.irb.hr\/lista-radova?autor=126035\">http:\/\/bib.irb.hr\/lista-radova?autor=126035<\/a><\/li>\n<\/ul>\n<\/td>\n<\/tr>\n<\/tbody>\n<\/table>\n","protected":false},"excerpt":{"rendered":"<p>Ime i prezime dr. sc. MARIO BRDAR, redoviti profesor u trajnom zvanju Adresa e-po\u0161te mbrdar@ffos.hr Obrazovanje Ustanova Zvanje Pedago\u0161ki fakultet Sveu\u010dili\u0161ta u Osijeku 1979.-1984. profesor\u00a0engleskog jezika i knji\u017eevnosti i\u00a0njema\u010dkog jezika i knji\u017eevnosti Filozofski fakultet Sveu\u010dili\u0161ta u Zagrebu 1984.-1988. magistar\u00a0lingvistike s posebnim osvrtom na engleski jezik Filozofski fakultet Sveu\u010dili\u0161ta u Zagrebu \u00a01990.-1995. doktor humanisti\u010dkih znanosti \u2013<a href=\"https:\/\/ihjj.hr\/metafore\/mario-brdar\/\">[&#8230;]<\/a><\/p>\n","protected":false},"author":2,"featured_media":0,"parent":0,"menu_order":0,"comment_status":"closed","ping_status":"closed","template":"","meta":{"footnotes":""},"class_list":["post-153","page","type-page","status-publish","hentry"],"translation":{"provider":"WPGlobus","version":"3.0.0","language":"hr","enabled_languages":["hr","en"],"languages":{"hr":{"title":true,"content":true,"excerpt":false},"en":{"title":false,"content":true,"excerpt":false}}},"_links":{"self":[{"href":"https:\/\/ihjj.hr\/metafore\/wp-json\/wp\/v2\/pages\/153","targetHints":{"allow":["GET"]}}],"collection":[{"href":"https:\/\/ihjj.hr\/metafore\/wp-json\/wp\/v2\/pages"}],"about":[{"href":"https:\/\/ihjj.hr\/metafore\/wp-json\/wp\/v2\/types\/page"}],"author":[{"embeddable":true,"href":"https:\/\/ihjj.hr\/metafore\/wp-json\/wp\/v2\/users\/2"}],"replies":[{"embeddable":true,"href":"https:\/\/ihjj.hr\/metafore\/wp-json\/wp\/v2\/comments?post=153"}],"version-history":[{"count":3,"href":"https:\/\/ihjj.hr\/metafore\/wp-json\/wp\/v2\/pages\/153\/revisions"}],"predecessor-version":[{"id":997,"href":"https:\/\/ihjj.hr\/metafore\/wp-json\/wp\/v2\/pages\/153\/revisions\/997"}],"wp:attachment":[{"href":"https:\/\/ihjj.hr\/metafore\/wp-json\/wp\/v2\/media?parent=153"}],"curies":[{"name":"wp","href":"https:\/\/api.w.org\/{rel}","templated":true}]}}