{"id":10,"date":"2015-09-10T09:37:03","date_gmt":"2015-09-10T09:37:03","guid":{"rendered":"http:\/\/ihjj.hr\/metafore\/?page_id=10"},"modified":"2016-09-16T10:50:36","modified_gmt":"2016-09-16T10:50:36","slug":"dokumenti","status":"publish","type":"page","link":"https:\/\/ihjj.hr\/metafore\/dokumenti\/","title":{"rendered":"Dokumenti"},"content":{"rendered":"<ol>\n<li>Radni plan\u00a0<a href=\"http:\/\/ihjj.hr\/metafore\/wp-content\/uploads\/2015\/09\/RadniPlanFinal.docx\">RadniPlanFinal<\/a><\/li>\n<li>Izvje\u0161\u0107e nakon prve va\u017ene to\u010dke provjere: Metafore strukture doga\u0111aja\u00a0<a href=\"http:\/\/ihjj.hr\/metafore\/wp-content\/uploads\/2015\/09\/1.milestone.docx\">1.milestone<\/a><\/li>\n<li>Izvje\u0161\u0107e nakon druge va\u017ene to\u010dke provjere: Metafore uma\u00a0<a href=\"http:\/\/ihjj.hr\/metafore\/wp-content\/uploads\/2015\/09\/2.milestone.docx\">2.milestone<\/a><\/li>\n<li>Izvje\u0161\u0107e nakon tre\u0107e, \u010detvrte i pete va\u017ene to\u010dke provjere: 1. Metafore ekonomije, vladanja i dobrobiti; 2. Metafore vremena i 3. Metafore\u00a0moralnosti \u00a0<a href=\"https:\/\/drive.google.com\/open?id=0BwT0IMYHumTValFhN29fbjlscmc\">3. 4. i 5. milestone<\/a><\/li>\n<\/ol>\n","protected":false},"excerpt":{"rendered":"<p>Radni plan\u00a0RadniPlanFinal Izvje\u0161\u0107e nakon prve va\u017ene to\u010dke provjere: Metafore strukture doga\u0111aja\u00a01.milestone Izvje\u0161\u0107e nakon druge va\u017ene to\u010dke provjere: Metafore uma\u00a02.milestone Izvje\u0161\u0107e nakon tre\u0107e, \u010detvrte i pete va\u017ene to\u010dke provjere: 1. Metafore ekonomije, vladanja i dobrobiti; 2. Metafore vremena i 3. Metafore\u00a0moralnosti \u00a03. 4. i 5. milestone<\/p>\n","protected":false},"author":1,"featured_media":0,"parent":0,"menu_order":0,"comment_status":"closed","ping_status":"closed","template":"","meta":{"footnotes":""},"class_list":["post-10","page","type-page","status-publish","hentry"],"translation":{"provider":"WPGlobus","version":"3.0.0","language":"hr","enabled_languages":["hr","en"],"languages":{"hr":{"title":true,"content":true,"excerpt":false},"en":{"title":true,"content":true,"excerpt":false}}},"_links":{"self":[{"href":"https:\/\/ihjj.hr\/metafore\/wp-json\/wp\/v2\/pages\/10","targetHints":{"allow":["GET"]}}],"collection":[{"href":"https:\/\/ihjj.hr\/metafore\/wp-json\/wp\/v2\/pages"}],"about":[{"href":"https:\/\/ihjj.hr\/metafore\/wp-json\/wp\/v2\/types\/page"}],"author":[{"embeddable":true,"href":"https:\/\/ihjj.hr\/metafore\/wp-json\/wp\/v2\/users\/1"}],"replies":[{"embeddable":true,"href":"https:\/\/ihjj.hr\/metafore\/wp-json\/wp\/v2\/comments?post=10"}],"version-history":[{"count":13,"href":"https:\/\/ihjj.hr\/metafore\/wp-json\/wp\/v2\/pages\/10\/revisions"}],"predecessor-version":[{"id":756,"href":"https:\/\/ihjj.hr\/metafore\/wp-json\/wp\/v2\/pages\/10\/revisions\/756"}],"wp:attachment":[{"href":"https:\/\/ihjj.hr\/metafore\/wp-json\/wp\/v2\/media?parent=10"}],"curies":[{"name":"wp","href":"https:\/\/api.w.org\/{rel}","templated":true}]}}