{"id":4053,"date":"2017-06-12T12:44:50","date_gmt":"2017-06-12T10:44:50","guid":{"rendered":"http:\/\/ihjj.hr\/hsd\/?page_id=4053"},"modified":"2024-09-24T10:25:09","modified_gmt":"2024-09-24T08:25:09","slug":"kotizacija","status":"publish","type":"page","link":"https:\/\/ihjj.hr\/hsd\/index.php\/kotizacija\/","title":{"rendered":"Kotizacija"},"content":{"rendered":"\n<p>Autori prihva\u0107enih sa\u017eetaka pla\u0107aju puni iznos kotizacije (koji uklju\u010duje tro\u0161kove sudjelovanja na skupu, domjenak, stanke za kavu i ve\u010deru) u iznosu od 100,00 eura na temelju ponuda koje im \u0161alju stru\u010dne slu\u017ebe Instituta za hrvatski jezik.<\/p>\n\n\n\n<p>Umirovljenici, nezaposleni doktorandi, poslijedoktorandi i ostali slu\u0161a\u010di koji \u017eele sudjelovati na konferenciji mogu na isti na\u010din platiti kotizaciju u iznosu od 80,00 eura (koji tako\u0111er uklju\u010duje tro\u0161kove sudjelovanja na skupu, domjenak, stanke za kavu i ve\u010deru). Da bismo prikupili podatke na temelju kojih mo\u017eemo omogu\u0107iti pla\u0107anje takve kotizacije preko ponude, molimo vas da na adresu e-po\u0161te hsd@ihjj.hr \u0161to prije po\u0161aljete sljede\u0107e podatke:<\/p>\n\n\n\n<p>a) ako kotizaciju pla\u0107ate samostalno, kao pojedinac, molimo vas:<\/p>\n\n\n\n<ul class=\"wp-block-list\">\n<li>ime i prezime<\/li>\n\n\n\n<li>adresu stanovanja<\/li>\n\n\n\n<li>dokaz o umirovljenju ili stupnju poslijediplomskog studija<\/li>\n\n\n\n<li>osobni OIB.<\/li>\n<\/ul>\n\n\n\n<p>b) ako kotizaciju pla\u0107a ustanova u kojoj poslijedoktorand radi, molimo vas:<\/p>\n\n\n\n<ul class=\"wp-block-list\">\n<li>ime i prezime<\/li>\n\n\n\n<li>to\u010dan naziv ustanove koja kotizaciju upla\u0107uje<\/li>\n\n\n\n<li>adresu ustanove koja kotizaciju upla\u0107uje<\/li>\n\n\n\n<li>dokaz o stupnju poslijediplomskog studija<\/li>\n\n\n\n<li>OIB ustanove koja kotizaciju upla\u0107uje.<\/li>\n<\/ul>\n\n\n\n<p>Kotizacije \u0107e se mo\u0107i uplatiti do 1. studenoga 2024. pa vas molimo da podatke dostavite \u0161to prije kako biste dobili ponudu na temelju koje kotizaciju mo\u017eete uplatiti.<\/p>\n\n\n\n<p>Tro\u0161kove prijevoza i smje\u0161taja snose sudionici.<\/p>\n","protected":false},"excerpt":{"rendered":"<p>Autori prihva\u0107enih sa\u017eetaka pla\u0107aju puni iznos kotizacije (koji uklju\u010duje tro\u0161kove sudjelovanja na skupu, domjenak, stanke za kavu i ve\u010deru) u iznosu od 100,00 eura na temelju ponuda koje im \u0161alju stru\u010dne slu\u017ebe Instituta za hrvatski jezik. Umirovljenici, nezaposleni doktorandi, poslijedoktorandi i ostali slu\u0161a\u010di koji \u017eele sudjelovati na konferenciji mogu na isti na\u010din platiti kotizaciju u&#8230; <\/p>\n<div class=\"clear\"><\/div>\n<p><a href=\"https:\/\/ihjj.hr\/hsd\/index.php\/kotizacija\/\" class=\"gdlr-info-font excerpt-read-more\">Read More<\/a><\/p>\n","protected":false},"author":1,"featured_media":0,"parent":0,"menu_order":0,"comment_status":"closed","ping_status":"closed","template":"","meta":{"footnotes":""},"class_list":["post-4053","page","type-page","status-publish","hentry"],"_links":{"self":[{"href":"https:\/\/ihjj.hr\/hsd\/index.php\/wp-json\/wp\/v2\/pages\/4053","targetHints":{"allow":["GET"]}}],"collection":[{"href":"https:\/\/ihjj.hr\/hsd\/index.php\/wp-json\/wp\/v2\/pages"}],"about":[{"href":"https:\/\/ihjj.hr\/hsd\/index.php\/wp-json\/wp\/v2\/types\/page"}],"author":[{"embeddable":true,"href":"https:\/\/ihjj.hr\/hsd\/index.php\/wp-json\/wp\/v2\/users\/1"}],"replies":[{"embeddable":true,"href":"https:\/\/ihjj.hr\/hsd\/index.php\/wp-json\/wp\/v2\/comments?post=4053"}],"version-history":[{"count":9,"href":"https:\/\/ihjj.hr\/hsd\/index.php\/wp-json\/wp\/v2\/pages\/4053\/revisions"}],"predecessor-version":[{"id":4339,"href":"https:\/\/ihjj.hr\/hsd\/index.php\/wp-json\/wp\/v2\/pages\/4053\/revisions\/4339"}],"wp:attachment":[{"href":"https:\/\/ihjj.hr\/hsd\/index.php\/wp-json\/wp\/v2\/media?parent=4053"}],"curies":[{"name":"wp","href":"https:\/\/api.w.org\/{rel}","templated":true}]}}