{"id":4050,"date":"2017-06-12T12:44:41","date_gmt":"2017-06-12T10:44:41","guid":{"rendered":"http:\/\/ihjj.hr\/hsd\/?page_id=4050"},"modified":"2024-05-17T12:13:11","modified_gmt":"2024-05-17T10:13:11","slug":"prijava-i-sazetci","status":"publish","type":"page","link":"https:\/\/ihjj.hr\/hsd\/index.php\/prijava-i-sazetci\/","title":{"rendered":"Prijava sa\u017eetka"},"content":{"rendered":"<p>Za izlaganje na skupu predvi\u0111eno je 15 minuta, a za raspravu 5 minuta. Slu\u017ebeni su jezici skupa hrvatski, svi slavenski te engleski i njema\u010dki jezik. Sa\u017eetak na jeziku izlaganja i na engleskome jeziku treba sadr\u017eavati do 300 rije\u010di, a \u0161alje se na adresu e-po\u0161te hsd@ihjj.hr<em>. <\/em>U obrazac upi\u0161ite sa\u017eetak na jeziku izlaganja te prilo\u017eite sa\u017eetke na jeziku izlaganja i engleskome jeziku u PDF-u. Nije potrebno navoditi literaturu. Prvotno su prijave bile otvorene do 15. svibnja 2024. godine, a rok za slanje sa\u017eetaka produljuje se do <strong>31. svibnja 2024<\/strong>. Ako se izla\u017ee na engleskome jeziku, organizator \u0107e osigurati prijevod sa\u017eetka na hrvatski. O prihva\u0107anju teme za izlaganje obavijestit \u0107emo vas najkasnije do <strong>30. lipnja 2024.<\/strong> godine.<\/p>\n\n\n<div class=\"wp-block-file\"><a id=\"wp-block-file--media-c11fa30c-abdd-448c-8d71-10331ed9c700\" href=\"http:\/\/ihjj.hr\/hsd\/wp-content\/uploads\/2024\/03\/8HSD-Prijavnica.docx\">8HSD-Prijavnica<\/a><a href=\"http:\/\/ihjj.hr\/hsd\/wp-content\/uploads\/2024\/03\/8HSD-Prijavnica.docx\" class=\"wp-block-file__button wp-element-button\" download aria-describedby=\"wp-block-file--media-c11fa30c-abdd-448c-8d71-10331ed9c700\">Preuzmi<\/a><\/div>\n\n\n\n<div class=\"wp-block-file\"><a id=\"wp-block-file--media-50389671-17dd-4941-ab1c-83f991a8577e\" href=\"http:\/\/ihjj.hr\/hsd\/wp-content\/uploads\/2024\/03\/8CSD-application-form.docx\">8CSD-application-form<\/a><a href=\"http:\/\/ihjj.hr\/hsd\/wp-content\/uploads\/2024\/03\/8CSD-application-form.docx\" class=\"wp-block-file__button wp-element-button\" download aria-describedby=\"wp-block-file--media-50389671-17dd-4941-ab1c-83f991a8577e\">Preuzmi<\/a><\/div>\n","protected":false},"excerpt":{"rendered":"<p>Za izlaganje na skupu predvi\u0111eno je 15 minuta, a za raspravu 5 minuta. Slu\u017ebeni su jezici skupa hrvatski, svi slavenski te engleski i njema\u010dki jezik. Sa\u017eetak na jeziku izlaganja i na engleskome jeziku treba sadr\u017eavati do 300 rije\u010di, a \u0161alje se na adresu e-po\u0161te hsd@ihjj.hr. U obrazac upi\u0161ite sa\u017eetak na jeziku izlaganja te prilo\u017eite sa\u017eetke&#8230; <\/p>\n<div class=\"clear\"><\/div>\n<p><a href=\"https:\/\/ihjj.hr\/hsd\/index.php\/prijava-i-sazetci\/\" class=\"gdlr-info-font excerpt-read-more\">Read More<\/a><\/p>\n","protected":false},"author":1,"featured_media":0,"parent":0,"menu_order":0,"comment_status":"closed","ping_status":"closed","template":"","meta":{"footnotes":""},"class_list":["post-4050","page","type-page","status-publish","hentry"],"_links":{"self":[{"href":"https:\/\/ihjj.hr\/hsd\/index.php\/wp-json\/wp\/v2\/pages\/4050","targetHints":{"allow":["GET"]}}],"collection":[{"href":"https:\/\/ihjj.hr\/hsd\/index.php\/wp-json\/wp\/v2\/pages"}],"about":[{"href":"https:\/\/ihjj.hr\/hsd\/index.php\/wp-json\/wp\/v2\/types\/page"}],"author":[{"embeddable":true,"href":"https:\/\/ihjj.hr\/hsd\/index.php\/wp-json\/wp\/v2\/users\/1"}],"replies":[{"embeddable":true,"href":"https:\/\/ihjj.hr\/hsd\/index.php\/wp-json\/wp\/v2\/comments?post=4050"}],"version-history":[{"count":9,"href":"https:\/\/ihjj.hr\/hsd\/index.php\/wp-json\/wp\/v2\/pages\/4050\/revisions"}],"predecessor-version":[{"id":4249,"href":"https:\/\/ihjj.hr\/hsd\/index.php\/wp-json\/wp\/v2\/pages\/4050\/revisions\/4249"}],"wp:attachment":[{"href":"https:\/\/ihjj.hr\/hsd\/index.php\/wp-json\/wp\/v2\/media?parent=4050"}],"curies":[{"name":"wp","href":"https:\/\/api.w.org\/{rel}","templated":true}]}}