{"id":4222,"date":"2020-05-17T13:30:01","date_gmt":"2020-05-17T13:30:01","guid":{"rendered":"http:\/\/ihjj.hr\/14dijalekti\/?page_id=4222"},"modified":"2021-11-10T10:32:39","modified_gmt":"2021-11-10T10:32:39","slug":"obavijest","status":"publish","type":"page","link":"https:\/\/ihjj.hr\/14dijalekti\/index.php\/obavijest\/","title":{"rendered":"Obavijest"},"content":{"rendered":"<p><!--StartFragment--><\/p>\n\n\n<p style=\"text-align:left\" class=\"has-text-color has-normal-font-size has-very-dark-gray-color\">Na temelju odluke Razreda za filolo\u0161ke znanosti Hrvatske akademije znanosti i umjetnosti u organizaciji Odbora za dijalektologiju Razreda za filolo\u0161ke znanosti HAZU, Zavoda za lingvisti\u010dka istra\u017eivanja HAZU i Instituta za hrvatski jezik i jezikoslovlje, planiran je<\/p>\n\n\n\n<p><\/p>\n\n\n\n<h4 class=\"wp-block-heading\" style=\"text-align:center\"><strong>14. ZNANSTVENI SKUP O HRVATSKIM DIJALEKTIMA<\/strong><\/h4>\n\n\n\n<p class=\"has-text-color has-normal-font-size has-very-dark-gray-color\">s temama:<br><strong> \u25cf    Dijalektna morfologija<br> \u25cf    Dijalektna frazeologija<br> \u25cf    Dijalektologija i sociolingvistika<br> \u25cf    Recentna dijalektolo\u0161ka istra\u017eivanja<\/strong><br><\/p>\n\n\n\n<p class=\"has-normal-font-size\">S\nobzirom na to da se planira obnova prostorija Hrvatske akademije znanosti i\numjetnosti i da je Organizacijski odbor bio primoran potra\u017eiti novu lokaciju za\nodr\u017eavanje skupa, \u010dime se promijenio i datum odr\u017eavanja, Skup \u0107e se odr\u017eati <strong>1.\ni 2. prosinca 2021. u Vije\u0107nici Filozofskoga fakulteta Sveu\u010dili\u0161ta u Zagrebu<\/strong>\n(Ivana Lu\u010di\u0107a 3, Zagreb). <\/p>\n\n\n\n<p class=\"has-normal-font-size\">Uzimaju\u0107i\nu obzir situaciju i neizvjesnost u vezi<strong> s <\/strong>pandemijom COVID-19, Organizacijski\nodbor i organizatori predvidjeli su mogu\u0107nost sudjelovanja i virtualnim putem\n(Zoom aplikacija). <\/p>\n\n\n\n<p class=\"has-normal-font-size\">Molimo\nVas da <strong>do 1. studenoga 2021. potvrdite svoje sudjelovanje<\/strong> na adresu\ne-po\u0161te <a href=\"mailto:14dijalekti@gmail.com\"><strong>14dijalekti@gmail.com<\/strong><\/a> kako bi se na temelju toga\noblikovao kona\u010dni program Skupa. Pritom Vas molimo, iako svjesni da se do\nprosinca zbog epidemiolo\u0161kih mjera situacija mo\u017ee i promijeniti, da navedete\nplanirate li dolazak ili sudjelovanje virtualnim putem.&nbsp; <\/p>\n\n\n\n<p class=\"has-normal-font-size\">Molimo Vas da pratite slu\u017ebenu stranicu skupa <strong><a href=\"http:\/\/ihjj.hr\/14dijalekti\">http:\/\/ihjj.hr\/14dijalekti<\/a><\/strong>koja \u0107e se nadopunjavati sa svim novim obavijestima.<\/p>\n\n\n\n<p class=\"has-normal-font-size\">Podsje\u0107amo na informacije koje su va\u017ene za\nVa\u0161e sudjelovanje na skupu:<\/p>\n\n\n\n<p class=\"has-normal-font-size\"><ul><li>Slu\u017ebeni jezici skupa su svi slavenski jezici i\nengleski jezik. <\/li><li>Predvi\u0111ena su izlaganja u trajanju <strong>15 minuta<\/strong>. <\/li><li>Predvi\u0111ena je kotizacija od <strong>200 kn <\/strong>po sudioniku. Rok\nza uplatu kotizacije je <strong>15<\/strong><strong>. studenoga\n2021. <\/strong>(vi\u0161e o uplati kotizacije na mre\u017enoj stranici skupa). <\/li><li>Radovi sa skupa bit \u0107e nakon recenzentskog\npostupka objavljeni u <em>Hrvatskom\ndijalektolo\u0161kom zborniku<\/em> 26 (kategorizacija \u010dasopisa a1; ESCI, SCOPUS). Rok\nza predaju rada Uredni\u0161tvu <em>Hrvatskog dijalektolo\u0161kog zbornika<\/em> na adresu\ne-po\u0161te <strong>hdzbornik@hazu.hr<\/strong> je <strong>1. o\u017eujak 2022.<\/strong> <\/li><\/ul><\/p>\n\n\n\n<p class=\"has-normal-font-size\">Sva pitanja u vezi sa skupom mo\u017eete uputiti na adresu\ne-po\u0161te: <a href=\"mailto:14dijalekti@gmail.com\"><strong>14dijalekti@gmail.com<\/strong><\/a>.<\/p>\n\n\n\n<p class=\"has-normal-font-size\">Predsjednica\nOdbora: prof. dr. sc. Mira Menac-Mihali\u0107<\/p>\n\n\n\n<p class=\"has-normal-font-size\">Tajnici Odbora: Martina Ba\u0161i\u0107, Lobel Filipi\u0107, Marija Malnar Juri\u0161i\u0107<\/p>\n\n\n\n<p class=\"has-normal-font-size\">\u010clanovi Odbora: Mijo Lon\u010dari\u0107, Vesna Ze\u010devi\u0107, \u017deljko Jozi\u0107, Anita\nCelini\u0107, Ivana Kurtovi\u0107 Budja<\/p>\n\n\n\n<p class=\"has-normal-font-size\">Zagreb, 26. listopada 2021. <\/p>\n\n\n<p><!--EndFragment--><\/p>\n<p><\/p>","protected":false},"excerpt":{"rendered":"<p>Na temelju odluke Razreda za filolo\u0161ke znanosti Hrvatske akademije znanosti i umjetnosti u organizaciji Odbora za dijalektologiju Razreda za filolo\u0161ke znanosti HAZU, Zavoda za lingvisti\u010dka istra\u017eivanja HAZU i Instituta za hrvatski jezik i jezikoslovlje, planiran je 14. ZNANSTVENI SKUP O HRVATSKIM DIJALEKTIMA s temama: \u25cf Dijalektna morfologija \u25cf Dijalektna frazeologija \u25cf Dijalektologija i sociolingvistika \u25cf&#8230; <\/p>\n<div class=\"clear\"><\/div>\n<p><a href=\"https:\/\/ihjj.hr\/14dijalekti\/index.php\/obavijest\/\" class=\"gdlr-info-font excerpt-read-more\">Read More<\/a><\/p>\n","protected":false},"author":1,"featured_media":0,"parent":0,"menu_order":0,"comment_status":"closed","ping_status":"closed","template":"","meta":{"footnotes":""},"_links":{"self":[{"href":"https:\/\/ihjj.hr\/14dijalekti\/index.php\/wp-json\/wp\/v2\/pages\/4222"}],"collection":[{"href":"https:\/\/ihjj.hr\/14dijalekti\/index.php\/wp-json\/wp\/v2\/pages"}],"about":[{"href":"https:\/\/ihjj.hr\/14dijalekti\/index.php\/wp-json\/wp\/v2\/types\/page"}],"author":[{"embeddable":true,"href":"https:\/\/ihjj.hr\/14dijalekti\/index.php\/wp-json\/wp\/v2\/users\/1"}],"replies":[{"embeddable":true,"href":"https:\/\/ihjj.hr\/14dijalekti\/index.php\/wp-json\/wp\/v2\/comments?post=4222"}],"version-history":[{"count":10,"href":"https:\/\/ihjj.hr\/14dijalekti\/index.php\/wp-json\/wp\/v2\/pages\/4222\/revisions"}],"predecessor-version":[{"id":4255,"href":"https:\/\/ihjj.hr\/14dijalekti\/index.php\/wp-json\/wp\/v2\/pages\/4222\/revisions\/4255"}],"wp:attachment":[{"href":"https:\/\/ihjj.hr\/14dijalekti\/index.php\/wp-json\/wp\/v2\/media?parent=4222"}],"curies":[{"name":"wp","href":"https:\/\/api.w.org\/{rel}","templated":true}]}}