{"id":3899,"date":"2020-02-18T13:18:46","date_gmt":"2020-02-18T13:18:46","guid":{"rendered":"http:\/\/ihjj.hr\/14dijalekti\/?page_id=3899"},"modified":"2021-12-06T13:56:40","modified_gmt":"2021-12-06T13:56:40","slug":"organizatori","status":"publish","type":"page","link":"https:\/\/ihjj.hr\/14dijalekti\/index.php\/organizatori\/","title":{"rendered":"Organizatori"},"content":{"rendered":"\n<p><a href=\"http:\/\/info.hazu.hr\/hr\/o-akademiji\/razredi\/razred_za_filoloske_znanosti\/\">Odbor za dijalektologiju Razreda za filolo\u0161ke znanosti HAZU<\/a><\/p>\n\n\n\n<p><a href=\"http:\/\/info.hazu.hr\/hr\/o-akademiji\/jedinice\/zavod_za_lingvisticka_istrazivanja\/\">Zavod za lingvisti\u010dka istra\u017eivanja HAZU<\/a><\/p>\n\n\n\n<p><a href=\"http:\/\/ihjj.hr\/\">Institut za hrvatski jezik i jezikoslovlje<\/a><\/p>\n\n\n\n<p><strong>Organizacijski odbor<\/strong><\/p>\n\n\n\n<p><strong>Mira Menac-Mihali\u0107<\/strong> (predsjednica Odbora)<\/p>\n\n\n\n<p><em>Filozofski fakultet Sveu\u010dili\u0161ta u Zagrebu<\/em><\/p>\n\n\n\n<p><strong>Martina Ba\u0161i\u0107 <\/strong>(tajnica)<\/p>\n\n\n\n<p><em>Zavod za lingvisti\u010dka istra\u017eivanja HAZU<\/em><\/p>\n\n\n\n<p><strong>Lobel Filipi\u0107 <\/strong>(tajnik)<\/p>\n\n\n\n<p><em>Institut za hrvatski jezik i jezikoslovlje<\/em><\/p>\n\n\n\n<p><strong>Marija Malnar Juri\u0161i\u0107 <\/strong>(tajnica)<\/p>\n\n\n\n<p><em>Filozofski fakultet Sveu\u010dili\u0161ta u Zagrebu<\/em><\/p>\n\n\n\n<p><strong>Anita Celini\u0107<\/strong><\/p>\n\n\n\n<p><em>Institut za hrvatski jezik i jezikoslovlje<\/em><\/p>\n\n\n\n<p><strong>\u017deljko Jozi\u0107<\/strong><\/p>\n\n\n\n<p><em>Institut za hrvatski jezik i jezikoslovlje<\/em><\/p>\n\n\n\n<p><strong>Ivana Kurtovi\u0107 Budja<\/strong><\/p>\n\n\n\n<p><em>Institut za hrvatski jezik i jezikoslovlje<\/em><\/p>\n\n\n\n<p><strong>Mijo Lon\u010dari\u0107<\/strong><\/p>\n\n\n\n<p><em>Institut za hrvatski jezik i jezikoslovlje (u mirovini)<\/em><\/p>\n\n\n\n<p><strong>Vesna Ze\u010devi\u0107<\/strong><\/p>\n\n\n\n<p><em>Institut za hrvatski jezik i jezikoslovlje (u mirovini)<\/em><\/p>\n","protected":false},"excerpt":{"rendered":"<p>Odbor za dijalektologiju Razreda za filolo\u0161ke znanosti HAZU Zavod za lingvisti\u010dka istra\u017eivanja HAZU Institut za hrvatski jezik i jezikoslovlje Organizacijski odbor Mira Menac-Mihali\u0107 (predsjednica Odbora) Filozofski fakultet Sveu\u010dili\u0161ta u Zagrebu Martina Ba\u0161i\u0107 (tajnica) Zavod za lingvisti\u010dka istra\u017eivanja HAZU Lobel Filipi\u0107 (tajnik) Institut za hrvatski jezik i jezikoslovlje Marija Malnar Juri\u0161i\u0107 (tajnica) Filozofski fakultet Sveu\u010dili\u0161ta u&#8230; <\/p>\n<div class=\"clear\"><\/div>\n<p><a href=\"https:\/\/ihjj.hr\/14dijalekti\/index.php\/organizatori\/\" class=\"gdlr-info-font excerpt-read-more\">Read More<\/a><\/p>\n","protected":false},"author":1,"featured_media":0,"parent":0,"menu_order":0,"comment_status":"closed","ping_status":"closed","template":"","meta":{"footnotes":""},"_links":{"self":[{"href":"https:\/\/ihjj.hr\/14dijalekti\/index.php\/wp-json\/wp\/v2\/pages\/3899"}],"collection":[{"href":"https:\/\/ihjj.hr\/14dijalekti\/index.php\/wp-json\/wp\/v2\/pages"}],"about":[{"href":"https:\/\/ihjj.hr\/14dijalekti\/index.php\/wp-json\/wp\/v2\/types\/page"}],"author":[{"embeddable":true,"href":"https:\/\/ihjj.hr\/14dijalekti\/index.php\/wp-json\/wp\/v2\/users\/1"}],"replies":[{"embeddable":true,"href":"https:\/\/ihjj.hr\/14dijalekti\/index.php\/wp-json\/wp\/v2\/comments?post=3899"}],"version-history":[{"count":10,"href":"https:\/\/ihjj.hr\/14dijalekti\/index.php\/wp-json\/wp\/v2\/pages\/3899\/revisions"}],"predecessor-version":[{"id":4520,"href":"https:\/\/ihjj.hr\/14dijalekti\/index.php\/wp-json\/wp\/v2\/pages\/3899\/revisions\/4520"}],"wp:attachment":[{"href":"https:\/\/ihjj.hr\/14dijalekti\/index.php\/wp-json\/wp\/v2\/media?parent=3899"}],"curies":[{"name":"wp","href":"https:\/\/api.w.org\/{rel}","templated":true}]}}