{"id":3892,"date":"2020-02-18T13:11:33","date_gmt":"2020-02-18T13:11:33","guid":{"rendered":"http:\/\/ihjj.hr\/14dijalekti\/?page_id=3892"},"modified":"2021-10-27T08:38:53","modified_gmt":"2021-10-27T08:38:53","slug":"lokacija","status":"publish","type":"page","link":"https:\/\/ihjj.hr\/14dijalekti\/index.php\/lokacija\/","title":{"rendered":"Lokacija"},"content":{"rendered":"\n<p class=\"has-normal-font-size\">Skup \u0107e se odr\u017eati u Vije\u0107nici <a rel=\"noreferrer noopener\" aria-label=\" (opens in a new tab)\" href=\"https:\/\/goo.gl\/maps\/D8xV17D8SLT518QZA\" target=\"_blank\">Filozofskoga fakulteta Sveu\u010dili\u0161ta u Zagrebu<\/a> u Ulici Ivana Lu\u010di\u0107a 3, Zagreb.<\/p>\n","protected":false},"excerpt":{"rendered":"<p>Skup \u0107e se odr\u017eati u Vije\u0107nici Filozofskoga fakulteta Sveu\u010dili\u0161ta u Zagrebu u Ulici Ivana Lu\u010di\u0107a 3, Zagreb.<\/p>\n","protected":false},"author":1,"featured_media":0,"parent":0,"menu_order":0,"comment_status":"closed","ping_status":"closed","template":"","meta":{"footnotes":""},"_links":{"self":[{"href":"https:\/\/ihjj.hr\/14dijalekti\/index.php\/wp-json\/wp\/v2\/pages\/3892"}],"collection":[{"href":"https:\/\/ihjj.hr\/14dijalekti\/index.php\/wp-json\/wp\/v2\/pages"}],"about":[{"href":"https:\/\/ihjj.hr\/14dijalekti\/index.php\/wp-json\/wp\/v2\/types\/page"}],"author":[{"embeddable":true,"href":"https:\/\/ihjj.hr\/14dijalekti\/index.php\/wp-json\/wp\/v2\/users\/1"}],"replies":[{"embeddable":true,"href":"https:\/\/ihjj.hr\/14dijalekti\/index.php\/wp-json\/wp\/v2\/comments?post=3892"}],"version-history":[{"count":10,"href":"https:\/\/ihjj.hr\/14dijalekti\/index.php\/wp-json\/wp\/v2\/pages\/3892\/revisions"}],"predecessor-version":[{"id":4240,"href":"https:\/\/ihjj.hr\/14dijalekti\/index.php\/wp-json\/wp\/v2\/pages\/3892\/revisions\/4240"}],"wp:attachment":[{"href":"https:\/\/ihjj.hr\/14dijalekti\/index.php\/wp-json\/wp\/v2\/media?parent=3892"}],"curies":[{"name":"wp","href":"https:\/\/api.w.org\/{rel}","templated":true}]}}